List the prime factors of 4301778.
2, 3, 13, 131, 421
List the prime factors of 275646.
2, 3, 7, 6563
List the prime factors of 1252151.
1252151
List the prime factors of 1234361.
47, 26263
What are the prime factors of 1137687?
3, 89, 4261
What are the prime factors of 10975515?
3, 5, 409, 1789
List the prime factors of 165610.
2, 5, 16561
List the prime factors of 2527437.
3, 11, 19, 29, 139
What are the prime factors of 236877?
3, 23, 3433
What are the prime factors of 486341?
486341
List the prime factors of 269965.
5, 53993
List the prime factors of 5126920.
2, 5, 128173
List the prime factors of 194108.
2, 48527
List the prime factors of 11532653.
11, 1048423
List the prime factors of 21015.
3, 5, 467
What are the prime factors of 3155358?
2, 3, 525893
What are the prime factors of 2318934?
2, 3, 386489
What are the prime factors of 1593366?
2, 3, 265561
List the prime factors of 7913572.
2, 1978393
What are the prime factors of 260261?
233, 1117
List the prime factors of 2748790.
2, 5, 11, 24989
What are the prime factors of 548478?
2, 3, 7, 1451
List the prime factors of 28730132.
2, 907, 7919
What are the prime factors of 12368337?
3, 4122779
List the prime factors of 814605.
3, 5, 11, 4937
List the prime factors of 7461841.
73, 102217
What are the prime factors of 1247629?
977, 1277
List the prime factors of 921379.
921379
List the prime factors of 4164424.
2, 11, 37, 1279
What are the prime factors of 550505?
5, 23, 4787
What are the prime factors of 3671985?
3, 5, 43, 5693
List the prime factors of 115752.
2, 3, 7, 13, 53
What are the prime factors of 714126?
2, 3, 7, 347
List the prime factors of 1189523.
47, 25309
What are the prime factors of 315645?
3, 5, 11, 1913
What are the prime factors of 134914?
2, 13, 5189
List the prime factors of 1873505.
5, 374701
List the prime factors of 515819.
379, 1361
List the prime factors of 405695.
5, 41, 1979
List the prime factors of 3608260.
2, 5, 180413
List the prime factors of 2248722.
2, 3, 7, 661
What are the prime factors of 6513824?
2, 47, 61, 71
List the prime factors of 30704.
2, 19, 101
What are the prime factors of 264464?
2, 16529
What are the prime factors of 3442973?
1783, 1931
List the prime factors of 6036315.
3, 5, 103, 3907
What are the prime factors of 484897?
7, 53, 1307
List the prime factors of 943884.
2, 3, 157, 167
List the prime factors of 6399963.
3, 97, 7331
List the prime factors of 1254828.
2, 3, 53, 1973
What are the prime factors of 580850?
2, 5, 11617
What are the prime factors of 337371?
3, 107, 1051
List the prime factors of 5477571.
3, 11, 18443
List the prime factors of 2482893.
3, 7, 29, 151
List the prime factors of 3118338.
2, 3, 19249
List the prime factors of 121728.
2, 3, 317
What are the prime factors of 303255?
3, 5, 23, 293
List the prime factors of 450684.
2, 3, 13, 107
List the prime factors of 5898201.
3, 17, 6803
List the prime factors of 395848.
2, 49481
What are the prime factors of 235102?
2, 7, 2399
List the prime factors of 258821.
67, 3863
What are the prime factors of 27869340?
2, 3, 5, 41, 11329
List the prime factors of 390462.
2, 3, 59, 1103
What are the prime factors of 2120368?
2, 132523
What are the prime factors of 24807240?
2, 3, 5, 68909
What are the prime factors of 5266964?
2, 1316741
What are the prime factors of 561309?
3, 7, 26729
List the prime factors of 218934.
2, 3, 12163
List the prime factors of 5281942.
2, 181, 14591
List the prime factors of 331580.
2, 5, 59, 281
What are the prime factors of 4650804?
2, 3, 43063
List the prime factors of 213468.
2, 3, 17789
What are the prime factors of 5398731?
3, 13, 1709
List the prime factors of 405750.
2, 3, 5, 541
What are the prime factors of 24082300?
2, 5, 11, 21893
List the prime factors of 9723242.
2, 4861621
What are the prime factors of 3753592?
2, 83, 5653
List the prime factors of 8748041.
773, 11317
List the prime factors of 17021790.
2, 3, 5, 31, 6101
List the prime factors of 18125127.
3, 23, 47
What are the prime factors of 115472?
2, 7, 1031
List the prime factors of 1935223.
761, 2543
What are the prime factors of 1543457?
857, 1801
What are the prime factors of 3297857?
3297857
List the prime factors of 97074.
2, 3, 5393
What are the prime factors of 9475002?
2, 3, 175463
List the prime factors of 2656715.
5, 531343
What are the prime factors of 75987?
3, 8443
List the prime factors of 144147.
3, 48049
What are the prime factors of 32429?
32429
What are the prime factors of 537548?
2, 11, 19, 643
What are the prime factors of 17158175?
5, 83, 8269
List the prime factors of 947905.
5, 7, 53, 73
What are the prime factors of 1406155?
5, 17, 71, 233
List the prime factors of 76053.
3, 101, 251
What are the prime factors of 2075438?
2, 43, 24133
List the prime factors of 38471956.
2, 9617989
List the prime factors of 240005.
5, 23, 2087
List the prime factors of 16990224.
2, 3, 353963
List the prime factors of 2465409.
3, 821803
List the prime factors of 2102404.
2, 47, 53, 211
List the prime factors of 1631259.
3, 7, 137
List the prime factors of 280437.
3, 93479
What are the prime factors of 1517958?
2, 3, 13, 499
What are the prime factors of 58822?
2, 29411
List the prime factors of 112434.
2, 3, 7, 2677
What are the prime factors of 10100196?
2, 3, 280561
List the prime factors of 1554993.
3, 11, 113, 139
List the prime factors of 2241592.
2, 280199
What are the prime factors of 233592?
2, 3, 9733
List the prime factors of 11762714.
2, 53, 110969
List the prime factors of 1011146.
2, 505573
List the prime factors of 28261.
59, 479
List the prime factors of 3211029.
3, 118927
What are the prime factors of 326444?
2, 81611
List the prime factors of 1181490.
2, 3, 5, 39383
What are the prime factors of 2471718?
2, 3, 23, 17911
List the prime factors of 4943553.
3, 19, 86729
What are the prime factors of 5532948?
2, 3, 17077
What are the prime factors of 4072326?
2, 3, 678721
List the prime factors of 13088776.
2, 17, 157, 613
What are the prime factors of 9476944?
2, 592309
List the prime factors of 310098.
2, 3, 51683
What are the prime factors of 12416269?
193, 64333
List the prime factors of 424403.
7, 19, 3191
List the prime factors of 168238.
2, 7, 61, 197
List the prime factors of 934046.
2, 43, 10861
List the prime factors of 16944790.
2, 5, 23, 73673
List the prime factors of 1045001.
53, 19717
What are the prime factors of 17338?
2, 8669
What are the prime factors of 374057?
43, 8699
What are the prime factors of 3999306?
2, 3, 373, 1787
What are the prime factors of 3154222?
2, 43, 36677
What are the prime factors of 17615894?
2, 79, 111493
What are the prime factors of 1438239?
3, 11, 41, 1063
List the prime factors of 2972198.
2, 23, 64613
List the prime factors of 327803.
7, 46829
List the prime factors of 21658876.
2, 5414719
List the prime factors of 3560046.
2, 3, 7, 12109
List the prime factors of 142339.
37, 3847
List the prime factors of 233027.
31, 7517
List the prime factors of 3594219.
3, 1198073
List the prime factors of 360343.
37, 9739
List the prime factors of 230848.
2, 3607
What are the prime factors of 28082948?
2, 7020737
List the prime factors of 353586.
2, 3, 31, 1901
What are the prime factors of 1106215?
5, 11, 20113
List the prime factors of 2351686.
2, 353, 3331
What are the prime factors of 1092264?
2, 3, 71, 641
What are the prime factors of 541810?
2, 5, 54181
List the prime factors of 14880323.
83, 179281
What are the prime factors of 14715832?
2, 1839479
What are the prime factors of 327934?
2, 23, 7129
What are the prime factors of 591476?
2, 67, 2207
What are the prime factors of 543454?
2, 281, 967
What are the prime factors of 368139?
3, 41, 73
What are the prime factors of 1554485?
5, 19, 16363
List the prime factors of 18512839.
37, 509, 983
List the prime factors of 1538459.
13, 118343
List the prime factors of 1385711.
967, 1433
List the prime factors of 324566.
2, 11, 14753
What are the prime factors of 10095136?
2, 59, 5347
What are the prime factors of 581650?
2, 5, 11633
List the prime factors of 1181761.
7, 79, 2137
What are the prime factors of 320104?
2, 40013
What are the prime factors of 882024?
2, 3, 11, 13, 257
List the prime factors of 24072.
2, 3, 17, 59
What are the prime factors of 12392245?